 base 13, what is 38 + -11?
27
In base 11, what is -573 + -1?
-574
In base 12, what is -88 + -90?
-158
In base 15, what is -4 + 3?
-1
In base 15, what is 11c1 - -3?
11c4
In base 3, what is 1 - 112102?
-112101
In base 14, what is 2 - -d7?
d9
In base 9, what is -5 + -327?
-333
In base 9, what is -3 + 225?
222
In base 13, what is -35 + 6?
-2c
In base 13, what is -656 - -5?
-651
In base 2, what is 11100 - 11100?
0
In base 10, what is -5 - 3867?
-3872
In base 12, what is 4 + 1093?
1097
In base 4, what is 0 - 1231?
-1231
In base 10, what is -9 - -170?
161
In base 5, what is -21431 + -2?
-21433
In base 12, what is -3 + 109b?
1098
In base 2, what is -1010100011110 - 101?
-1010100100011
In base 12, what is -2 - -341?
33b
In base 2, what is 101 + 1011100101?
1011101010
In base 16, what is -3 + 1bf?
1bc
In base 3, what is 202122 + -110?
202012
In base 3, what is -11 - 210211?
-210222
In base 9, what is 1612 - 0?
1612
In base 16, what is 7 - 6b?
-64
In base 7, what is -2 + -356?
-361
In base 13, what is -5b - -4?
-57
In base 12, what is -26 - 0?
-26
In base 14, what is 3cb - 1?
3ca
In base 11, what is 1 - -59?
5a
In base 2, what is 111 - -10001?
11000
In base 5, what is -10021 + 4?
-10012
In base 4, what is 22303 - -21?
22330
In base 7, what is 1 - 52?
-51
In base 7, what is -6 - 1?
-10
In base 2, what is 1 + -11011111?
-11011110
In base 14, what is -c0 - 1d?
-dd
In base 9, what is -114 - -16?
-87
In base 2, what is -1 + -111011010?
-111011011
In base 6, what is 103 - -11?
114
In base 2, what is 10101001 + 1?
10101010
In base 4, what is -202 + 20?
-122
In base 7, what is -30 + 63?
33
In base 11, what is 3 + 96?
99
In base 5, what is 3 + -114?
-111
In base 15, what is -29ac + 2?
-29aa
In base 12, what is 54 + 5?
59
In base 16, what is 1de4 + 4?
1de8
In base 6, what is 540 - -3?
543
In base 16, what is -9 + -266?
-26f
In base 3, what is -1222220 + -11?
-2000001
In base 3, what is -10 + 10222001?
10221221
In base 15, what is 470 - 3?
46c
In base 2, what is 100 - -111100?
1000000
In base 2, what is 1001111101011 - 100?
1001111100111
In base 2, what is -1101111011 - -101?
-1101110110
In base 5, what is -22 - -34?
12
In base 13, what is -42b - 1?
-42c
In base 12, what is -107 - -2?
-105
In base 4, what is 22 - 11302?
-11220
In base 14, what is 2742 - 5?
273b
In base 11, what is -204 - 3?
-207
In base 2, what is 1011100 + -101?
1010111
In base 16, what is -11 + 166?
155
In base 2, what is 100 - 1010000?
-1001100
In base 10, what is -20 + -19?
-39
In base 2, what is -10 - -1001100101?
1001100011
In base 10, what is -12 + -8?
-20
In base 15, what is -113a + 2?
-1138
In base 4, what is 10101 - -33?
10200
In base 8, what is 0 + 4130?
4130
In base 4, what is -12 - -1203?
1131
In base 2, what is -100 - -11001000?
11000100
In base 7, what is -1 - 225?
-226
In base 4, what is -121 - -311?
130
In base 6, what is 1320 - 4?
1312
In base 10, what is -3 + 154?
151
In base 12, what is -1 - 9b6?
-9b7
In base 2, what is 10 - 10000?
-1110
In base 11, what is 102 - -18?
11a
In base 10, what is 523 + 3?
526
In base 8, what is -17 + 17?
0
In base 16, what is 3b - -4a?
85
In base 3, what is -11002202 + 12?
-11002120
In base 10, what is -5 - 89?
-94
In base 7, what is 5 - 2145?
-2140
In base 9, what is -3 + -770?
-773
In base 15, what is 41 + -3?
3d
In base 5, what is 10 + 1111?
1121
In base 16, what is -c8 + 0?
-c8
In base 13, what is -110 + -1?
-111
In base 9, what is 47 + 3?
51
In base 9, what is -40 - -170?
130
In base 3, what is 11 - 22012?
-22001
In base 8, what is 105 - -14?
121
In base 12, what is -34 + 20?
-14
In base 8, what is 30 - 1?
27
In base 5, what is -3 - 24220?
-24223
In base 13, what is -2 + -184?
-186
In base 10, what is -340 - 2?
-342
In base 7, what is -22 - -351?
326
In base 10, what is 980 + 2?
982
In base 12, what is 11 + -98?
-87
In base 8, what is -13 - -434?
421
In base 8, what is 0 + -343?
-343
In base 7, what is 55 - -60?
145
In base 14, what is 228 - -1?
229
In base 12, what is 69 + 6?
73
In base 3, what is 202001 - 10?
201221
In base 12, what is 1 + -1?
0
In base 16, what is -25 + 8?
-1d
In base 11, what is 5 + 31a9?
3203
In base 14, what is 3 - b?
-8
In base 16, what is 9 - c?
-3
In base 4, what is -3 - 3231?
-3300
In base 11, what is 244 + -3?
241
In base 11, what is -33 - -a3?
70
In base 11, what is 642 + 3?
645
In base 9, what is -16 + -2845?
-2862
In base 6, what is 2 - 4?
-2
In base 10, what is 1 - -95?
96
In base 8, what is -20 - 3?
-23
In base 4, what is -10233 - 1?
-10300
In base 3, what is 11110202 - 10?
11110122
In base 5, what is -3 + 10?
2
In base 16, what is 4 + a02?
a06
In base 16, what is -5 - 47?
-4c
In base 12, what is 875 - 9?
868
In base 12, what is 8a + -9?
81
In base 7, what is 10 + 10?
20
In base 5, what is 13 + -3?
10
In base 5, what is -21 - 100?
-121
In base 16, what is a + -14?
-a
In base 12, what is 264 + 5?
269
In base 5, what is -1342 + 31?
-1311
In base 12, what is -8 + ab?
a3
In base 15, what is -5 - 10c?
-112
In base 12, what is -a7 + -9?
-b4
In base 8, what is -411 + 5?
-404
In base 4, what is -21022 - -3?
-21013
In base 9, what is 3 - 51?
-47
In base 14, what is -c + -1b8?
-1c6
In base 13, what is 12 + -15?
-3
In base 9, what is 537 - 1?
536
In base 15, what is -4 + -180?
-184
In base 4, what is 32033 - 2?
32031
In base 15, what is -4ab8 - -4?
-4ab4
In base 9, what is 54 - -22?
76
In base 2, what is 1101 + 11001?
100110
In base 6, what is -3 - 10225?
-10232
In base 3, what is -10021 - 220?
-11011
In base 7, what is 150 - 4?
143
In base 3, what is -221 + -2000?
-2221
In base 2, what is 11 + -10101011?
-10101000
In base 13, what is -4 - -3bc?
3b8
In base 14, what is -27 - -d?
-18
In base 4, what is -110111 - 0?
-110111
In base 10, what is -6 + 17?
11
In base 5, what is -4 + -31?
-40
In base 14, what is 0 + -c3?
-c3
In base 15, what is a - 433?
-428
In base 11, what is 3 + 9a?
a2
In base 7, what is 4 + -123?
-116
In base 11, what is 2 - 59?
-57
In base 4, what is -20 + 112103?
112023
In base 2, what is 0 - 11111100111?
-11111100111
In base 2, what is -100 + 11101101?
11101001
In base 15, what is -1 + e9a?
e99
In base 9, what is -10 - 206?
-216
In base 10, what is 19 - 57?
-38
In base 3, what is 11 + -110?
-22
In base 11, what is -9 - -7?
-2
In base 5, what is 10 - 1331?
-1321
In base 5, what is 23 + 13?
41
In base 7, what is -56 + -504?
-563
In base 5, what is -4424 + 2?
-4422
In base 5, what is -20 + -10?
-30
In base 5, what is -10121 + 4?
-10112
In base 16, what is f + 45?
54
In base 11, what is 18 + 2?
1a
In base 5, what is -1 + -43?
-44
In base 3, what is -10 - 10211?
-10221
In base 9, what is -100 - 4?
-104
In base 11, what is 2 + 589a?
58a1
In base 8, what is 2324 + -5?
2317
In base 8, what is -12761 + -5?
-12766
In base 6, what is -1 - -2334?
2333
In base 11, what is 18 + 31?
49
In base 15, what is 9 + -6?
3
In base 16, what is 5 + 20e?
213
In base 16, what is -34 + -1c?
-50
In base 14, what is -60 - 15?
-75
In base 15, what is 32 - 2?
30
In base 12, what is 3 - -55b0?
55b3
In base 13, what is 1c - 27?
-8
In base 5, what is 3 + -3?
0
In base 8, what is -4 - -261?
255
In base 6, what is -13155 + -2?
-13201
In base 15, what is -64 + -e?
-73
In base 15, what is 0 + -a11?
-a11
In base 9, what is 2 + 68?
71
In base 9, what is 4 - -1153?
1157
In base 7, what is 234 + 1?
235
In base 5, what is -443 - 23?
-1021
In base 4, what is 31123 + 1?
31130
In base 14, what is 2 - 131?
-12d
In base 3, what is 0 + 1100000?
1100000
In base 10, what is -19 + 14?
-5
In base 9, what is -62 - -3?
-58
In base 6, what is 351 - 14?
333
In base 11, what is 36877 - 0?
36877
In base 4, what is 22020 + -232?
21122
In base 11, what is -430 + 16?
-415
In base 6, what is 14 - -21?
35
In base 9, what is 2106 + 5?
2112
In base 8, what is -36 - -21?
-15
In base 3, what is -11 + 21100110?
21100022
In base 9, what is 771 + 0?
771
In base 9, what is -31 + 26?
-4
In base 12, what is 0 + -21?
-21
In base 14, what is 2 - -2400?
2402
In base 15, what is -4 - 5c?
-61
In base 12, what is 1ab4 - 0?
1ab4
In base 5, what is 334 - 123?
211
In base 10, what is 2 + -254?
-252
In base 13, what is -6 - 50?
-56
In base 6, what is -30205 - 5?
-30214
In base 2, what is -101 + 1011101?
1011000
In base 8, what is 3 + 2340?
2343
In base 3, what is -1202 + -10210?
-1211